{"id":546,"date":"2026-03-18T20:39:50","date_gmt":"2026-03-18T19:39:50","guid":{"rendered":"https:\/\/www.lafargeconsultant.com\/?page_id=546"},"modified":"2026-03-19T17:48:22","modified_gmt":"2026-03-19T16:48:22","slug":"formation-logiciel-open-paye","status":"publish","type":"page","link":"http:\/\/www.lafargeconsultant.com\/index.php\/formation-logiciel-open-paye\/","title":{"rendered":"Formation logiciel OPEN PAYE"},"content":{"rendered":"<section class=\"wpb-content-wrapper\"><p>[vc_row css_animation=\u00a0\u00bb\u00a0\u00bb row_type=\u00a0\u00bbrow\u00a0\u00bb use_row_as_full_screen_section=\u00a0\u00bbno\u00a0\u00bb type=\u00a0\u00bbfull_width\u00a0\u00bb angled_section=\u00a0\u00bbno\u00a0\u00bb text_align=\u00a0\u00bbleft\u00a0\u00bb background_image_as_pattern=\u00a0\u00bbwithout_pattern\u00a0\u00bb][vc_column][vc_column_text]<\/p>\n<h4><strong><span style=\"color: #007f92;\">PUBLIC\u00a0:<\/span> <\/strong><\/h4>\n<p>Gestionnaire de paie qualifi\u00e9<\/p>\n<p>&nbsp;<\/p>\n<h4><strong><span style=\"color: #007f92;\">PR\u00c9REQUIS\u00a0:<\/span> <\/strong>Connaissance de l\u2019informatique bureautique Excel, Word, utilisation connaissance de l\u2019informatique bureautique Excel, Word, utilisation basic<\/h4>\n<p>&nbsp;<\/p>\n<h4><strong><span style=\"color: #007f92;\">DUR\u00c9E\u00a0:<\/span> <\/strong>A la journ\u00e9e<\/h4>\n<p>&nbsp;<\/p>\n<h4><span style=\"color: #007f92;\"><strong>DATES OU P\u00c9RIODE\u00a0: <\/strong><\/span>\u00c0 d\u00e9finir<\/h4>\n<p><strong>\u00a0<\/strong><\/p>\n<h4><strong><span style=\"color: #007f92;\">HORAIRES\u00a0:<\/span> <\/strong>De 9h00 \u00e0 12h30 et de 13h30 \u00e0 17h00<\/h4>\n<p>&nbsp;<\/p>\n<h4><span style=\"color: #007f92;\"><strong>NOMBRE DE PARTICIPANTS PAR SESSION :<\/strong><\/span><\/h4>\n<p>Maximum\u00a0: 4<\/p>\n<p>&nbsp;<\/p>\n<h4><span style=\"color: #007f92;\"><strong>MODALIT\u00c9S ET D\u00c9LAIS D\u2019ACC\u00c8S\u00a0:<\/strong><\/span><\/h4>\n<p>Inscription \u00e0 r\u00e9aliser 15 jours avant le d\u00e9marrage de la formation.<\/p>\n<p>&nbsp;<\/p>\n<h4><strong><span style=\"color: #007f92;\">LIEU\u00a0:<\/span> <\/strong>Dans vos locaux<\/h4>\n<p>&nbsp;<\/p>\n<p><strong><em><img decoding=\"async\" loading=\"lazy\" class=\"size-full wp-image-513 alignleft\" src=\"http:\/\/www.lafargeconsultant.com\/wp-content\/uploads\/2024\/04\/handi.png\" alt=\"\" width=\"50\" height=\"68\" \/> Pour acc\u00e8s aux personnes porteurs<br \/>\nd\u2019un handicap : Nous consulter.<\/em><\/strong><\/p>\n<p><strong>\u00a0<\/strong><\/p>\n<h4><\/h4>\n<h4><\/h4>\n<p>&nbsp;<\/p>\n<p>&nbsp;<\/p>\n<h4><span style=\"color: #007f92;\"><strong>FORMATEUR\u00a0: <\/strong><\/span>Monsieur J\u00e9r\u00f4me LAFARGE<\/h4>\n<p>&nbsp;<\/p>\n<h4><span style=\"color: #007f92;\"><strong><u>OBJECTIF DE LA FORMATION ET COMP\u00c9TENCES VIS\u00c9ES<\/u><\/strong><\/span><\/h4>\n<p>&nbsp;<\/p>\n<p>Savoir utiliser le logiciel OPEN PAYE (avec le pr\u00e9l\u00e8vement \u00e0 la source).<\/p>\n<p>&nbsp;<\/p>\n<h4><span style=\"color: #007f92;\"><strong><u>CONTENU<\/u><\/strong><\/span><\/h4>\n<p><u>Param\u00e8tre de la soci\u00e9t\u00e9\u00a0:<\/u><\/p>\n<ul>\n<li>Cr\u00e9ation<\/li>\n<li>CP\/Prime Anciennet\u00e9 CCN<\/li>\n<li>Usage \/ R\u00e9glementaire de Paie<\/li>\n<\/ul>\n<p><u>Organismes et caisses\u00a0:<\/u><\/p>\n<ul>\n<li>Param\u00e9trage des caisses<\/li>\n<li>Affectations des DUCS<\/li>\n<li>EDI<\/li>\n<\/ul>\n<p><u>Fiches salari\u00e9es\u00a0:<\/u><\/p>\n<ul>\n<li>Informations obligatoires<\/li>\n<li>Profils<\/li>\n<li>Gestion du conventionnel<\/li>\n<li>Cas sp\u00e9cifiques<\/li>\n<\/ul>\n<p><u>Gestion de la paie\u00a0:<\/u><\/p>\n<ul>\n<li>Masque de saisie<\/li>\n<li>Saisie des absences, des \u00e9l\u00e9ments variables<\/li>\n<li>Attestation maladie<\/li>\n<li>Reprise de fiches de paie<\/li>\n<li>Solde de tout compte<\/li>\n<\/ul>\n<p><u>Charges et \u00e9ditions\u00a0:<\/u><\/p>\n<ul>\n<li>DUCS (g\u00e9n\u00e9ration, modification, envoi)<\/li>\n<li>Etat des charges (et affectation analytique)<\/li>\n<li>Edition des documents post-paie<\/li>\n<\/ul>\n<p><u>Questions\/r\u00e9ponses\u00a0:<\/u><\/p>\n<p>R\u00e9pondre aux interrogations sp\u00e9cifiques des utilisateurs non abord\u00e9es pr\u00e9c\u00e9demment<\/p>\n<p>&nbsp;<\/p>\n<h4><span style=\"color: #007f92;\"><strong><u>MODALIT\u00c9S D\u2019\u00c9VALUATION D\u2019ATTEINTE DES OBJECTIFS DE LA FORMATION<\/u><\/strong><\/span><\/h4>\n<ul>\n<li>Evaluation individuelle du profil, des attentes et des besoins du participant avant le d\u00e9marrage de la formation<\/li>\n<li>Evaluation des comp\u00e9tences en d\u00e9but et en fin de formation<\/li>\n<li>\u00c9valuation des connaissances \u00e0 chaque \u00e9tape de la formation\u00a0(via questionnaires, exercices, travaux pratiques, entretiens avec le formateur)<\/li>\n<li>Questionnaire d\u2019\u00e9valuation de la satisfaction en fin de formation<\/li>\n<\/ul>\n<p>&nbsp;<\/p>\n<h4><span style=\"color: #007f92;\"><strong><u>MOYENS PERMETTANT LE SUIVI ET L\u2019APPR\u00c9CIATION DES R\u00c9SULTATS<\/u><\/strong><\/span><\/h4>\n<ul>\n<li>Feuilles de pr\u00e9sences sign\u00e9es des participants et du formateur par demi-journ\u00e9e<\/li>\n<li>Attestation de fin de formation<\/li>\n<\/ul>\n<p>&nbsp;<\/p>\n<h4><span style=\"color: #007f92;\"><strong><u>MOYENS P\u00c9DAGOGIQUES ET TECHNIQUES D\u2019ENCADREMENT DES FORMATIONS<\/u><\/strong><\/span><\/h4>\n<p><strong><u>Modalit\u00e9s p\u00e9dagogiques :<\/u><\/strong><\/p>\n<ul>\n<li>80% de pratique\u00a0; 20% de th\u00e9orique<\/li>\n<li>\u00c9valuation des besoins et du profil du participant<\/li>\n<li>Apport th\u00e9orique\u00a0et m\u00e9thodologique : s\u00e9quences p\u00e9dagogiques regroup\u00e9es en diff\u00e9rents modules<\/li>\n<li>Contenus des programmes adapt\u00e9s en fonction des besoins identifi\u00e9s pendant la formation.<\/li>\n<li>Questionnaires, exercices et \u00e9tude de cas<\/li>\n<li>R\u00e9flexion et \u00e9changes sur cas pratiques<\/li>\n<li>Retours d&rsquo;exp\u00e9riences<\/li>\n<li>Corrections appropri\u00e9es et contr\u00f4les des connaissances \u00e0 chaque \u00e9tape, fonction du rythme de l\u2019apprenant mais \u00e9galement des exigences requises au titre de la formation souscrite.<\/li>\n<\/ul>\n<p><strong><u>\u00c9l\u00e9ments mat\u00e9riels :<\/u><\/strong><\/p>\n<ul>\n<li>Mise \u00e0 disposition de tout le mat\u00e9riel informatique et p\u00e9dagogique n\u00e9cessaire<\/li>\n<li>Support de cours au format num\u00e9rique projet\u00e9 sur \u00e9cran et transmis au participant par mail \u00e0 la fin de la formation<\/li>\n<li>Mise \u00e0 disposition d\u2019appareils en fonctionnement.<\/li>\n<\/ul>\n<p><strong><u>R\u00e9f\u00e9rent p\u00e9dagogique et formateur :<\/u><\/strong>Les prestations de formation sont assur\u00e9s par un formateur professionnel sp\u00e9cialis\u00e9 dans les offres LAFARGE CONSULT@NT.<\/p>\n<p>&nbsp;<\/p>\n<h4><span style=\"color: #007f92;\"><strong><u>Tarif : Nous consulter<\/u><\/strong><\/span><\/h4>\n<p>[\/vc_column_text][\/vc_column][\/vc_row]<\/p>\n<\/section>","protected":false},"excerpt":{"rendered":"<p>[vc_row css_animation=\u00a0\u00bb\u00a0\u00bb row_type=\u00a0\u00bbrow\u00a0\u00bb use_row_as_full_screen_section=\u00a0\u00bbno\u00a0\u00bb type=\u00a0\u00bbfull_width\u00a0\u00bb angled_section=\u00a0\u00bbno\u00a0\u00bb text_align=\u00a0\u00bbleft\u00a0\u00bb background_image_as_pattern=\u00a0\u00bbwithout_pattern\u00a0\u00bb][vc_column][vc_column_text] PUBLIC\u00a0: Gestionnaire de paie qualifi\u00e9 &nbsp; PR\u00c9REQUIS\u00a0: Connaissance de l\u2019informatique bureautique Excel, Word, utilisation connaissance de l\u2019informatique bureautique Excel, Word, utilisation basic &nbsp; DUR\u00c9E\u00a0: A la journ\u00e9e &nbsp; DATES OU P\u00c9RIODE\u00a0: \u00c0 d\u00e9finir \u00a0 HORAIRES\u00a0: De 9h00&#8230;<\/p>\n","protected":false},"author":1,"featured_media":0,"parent":0,"menu_order":0,"comment_status":"closed","ping_status":"closed","template":"","meta":{"_mi_skip_tracking":false},"_links":{"self":[{"href":"http:\/\/www.lafargeconsultant.com\/index.php\/wp-json\/wp\/v2\/pages\/546"}],"collection":[{"href":"http:\/\/www.lafargeconsultant.com\/index.php\/wp-json\/wp\/v2\/pages"}],"about":[{"href":"http:\/\/www.lafargeconsultant.com\/index.php\/wp-json\/wp\/v2\/types\/page"}],"author":[{"embeddable":true,"href":"http:\/\/www.lafargeconsultant.com\/index.php\/wp-json\/wp\/v2\/users\/1"}],"replies":[{"embeddable":true,"href":"http:\/\/www.lafargeconsultant.com\/index.php\/wp-json\/wp\/v2\/comments?post=546"}],"version-history":[{"count":12,"href":"http:\/\/www.lafargeconsultant.com\/index.php\/wp-json\/wp\/v2\/pages\/546\/revisions"}],"predecessor-version":[{"id":593,"href":"http:\/\/www.lafargeconsultant.com\/index.php\/wp-json\/wp\/v2\/pages\/546\/revisions\/593"}],"wp:attachment":[{"href":"http:\/\/www.lafargeconsultant.com\/index.php\/wp-json\/wp\/v2\/media?parent=546"}],"curies":[{"name":"wp","href":"https:\/\/api.w.org\/{rel}","templated":true}]}}