{"id":559,"date":"2026-03-18T20:58:40","date_gmt":"2026-03-18T19:58:40","guid":{"rendered":"https:\/\/www.lafargeconsultant.com\/?page_id=559"},"modified":"2026-04-30T14:50:53","modified_gmt":"2026-04-30T12:50:53","slug":"formations","status":"publish","type":"page","link":"http:\/\/www.lafargeconsultant.com\/index.php\/formations\/","title":{"rendered":"Formations"},"content":{"rendered":"<section class=\"wpb-content-wrapper\"><p>[vc_row css_animation=\u00a0\u00bb\u00a0\u00bb row_type=\u00a0\u00bbrow\u00a0\u00bb use_row_as_full_screen_section=\u00a0\u00bbno\u00a0\u00bb type=\u00a0\u00bbgrid\u00a0\u00bb angled_section=\u00a0\u00bbno\u00a0\u00bb text_align=\u00a0\u00bbleft\u00a0\u00bb background_image_as_pattern=\u00a0\u00bbwithout_pattern\u00a0\u00bb z_index=\u00a0\u00bb\u00a0\u00bb][vc_column width=\u00a0\u00bb1\/3&Prime;][vc_hoverbox image=\u00a0\u00bb258&Prime; primary_title=\u00a0\u00bbACTUALITE DE LA PAIE\u00a0\u00bb primary_title_font_container=\u00a0\u00bbcolor:%23ffffff\u00a0\u00bb hover_title=\u00a0\u00bbACTUALITE DE LA PAIE\u00a0\u00bb hover_title_font_container=\u00a0\u00bbcolor:%23ffffff\u00a0\u00bb primary_title_link=\u00a0\u00bburl:https%3A%2F%2Fwww.lafargeconsultant.com%2Findex.php%2Factualite-de-la-paie%2F|title:ACTUALITE%20DE%20LA%20PAIE\u00a0\u00bb hover_title_link=\u00a0\u00bburl:https%3A%2F%2Fwww.lafargeconsultant.com%2Findex.php%2Factualite-de-la-paie%2F|title:ACTUALITE%20DE%20LA%20PAIE\u00a0\u00bb]<\/p>\n<h4><strong><u>OBJECTIF DE LA FORMATION ET COMP\u00c9TENCES VIS\u00c9ES<\/u><\/strong><\/h4>\n<p>&nbsp;<\/p>\n<p>Actualiser trimestriellement ses connaissances en la mati\u00e8re avec un consultant paie<\/p>\n<p>Suivre r\u00e9guli\u00e8rement l\u2019\u00e9volution de la r\u00e9glementation dans ce domaine<\/p>\n<p>[\/vc_hoverbox][\/vc_column][vc_column width=\u00a0\u00bb1\/3&Prime;][vc_hoverbox image=\u00a0\u00bb345&Prime; primary_title=\u00a0\u00bbFORMATION LOGICIEL SILAEXPERT\u00a0\u00bb hover_title=\u00a0\u00bbFormation logiciel Silaexpert\u00a0\u00bb primary_title_link=\u00a0\u00bburl:https%3A%2F%2Fwww.lafargeconsultant.com%2Findex.php%2Fformation-logiciel-silaexpert%2F|title:ACTUALITE%20DE%20LA%20PAIE\u00a0\u00bb hover_title_link=\u00a0\u00bburl:https%3A%2F%2Fwww.lafargeconsultant.com%2Findex.php%2Fformation-logiciel-silaexpert%2F|title:Formation%20logiciel%20Silaexpert\u00a0\u00bb]<\/p>\n<h4><strong><u>OBJECTIF DE LA FORMATION ET COMP\u00c9TENCES VIS\u00c9ES<\/u><\/strong><\/h4>\n<p>Savoir utiliser le logiciel Silaexpert.<\/p>\n<p>[\/vc_hoverbox][\/vc_column][vc_column width=\u00a0\u00bb1\/3&Prime;][vc_hoverbox image=\u00a0\u00bb352&Prime; primary_title=\u00a0\u00bbFORMATION LOGICIEL OPEN PAYE\u00a0\u00bb hover_title=\u00a0\u00bbFormation logiciel OPEN PAYE\u00a0\u00bb primary_title_link=\u00a0\u00bburl:https%3A%2F%2Fwww.lafargeconsultant.com%2Findex.php%2Fformation-logiciel-open-paye%2F|title:ACTUALITE%20DE%20LA%20PAIE\u00a0\u00bb hover_title_link=\u00a0\u00bburl:https%3A%2F%2Fwww.lafargeconsultant.com%2Findex.php%2Fformation-logiciel-open-paye%2F|title:Formation%20logiciel%20OPEN%20PAYE\u00a0\u00bb]<\/p>\n<h4><strong><u>OBJECTIF DE LA FORMATION ET COMP\u00c9TENCES VIS\u00c9ES<\/u><\/strong><\/h4>\n<p>&nbsp;<\/p>\n<p>Savoir utiliser le logiciel OPEN PAYE (avec le pr\u00e9l\u00e8vement \u00e0 la source).<\/p>\n<p>[\/vc_hoverbox][\/vc_column][\/vc_row][vc_row css_animation=\u00a0\u00bb\u00a0\u00bb row_type=\u00a0\u00bbrow\u00a0\u00bb use_row_as_full_screen_section=\u00a0\u00bbno\u00a0\u00bb type=\u00a0\u00bbfull_width\u00a0\u00bb angled_section=\u00a0\u00bbno\u00a0\u00bb text_align=\u00a0\u00bbleft\u00a0\u00bb background_image_as_pattern=\u00a0\u00bbwithout_pattern\u00a0\u00bb css=\u00a0\u00bb.vc_custom_1773935577163{margin-top: 20px !important;margin-bottom: 20px !important;background-color: #007f92 !important;}\u00a0\u00bb z_index=\u00a0\u00bb\u00a0\u00bb][vc_column][vc_empty_space][vc_column_text]<\/p>\n<h2 class=\"p3\" style=\"text-align: center;\"><span style=\"color: #ffffff;\">La qualit\u00e9 de nos <span class=\"s1\"><b>formations<\/b><\/span> est notre priorit\u00e9.<\/span><\/h2>\n<h2 style=\"text-align: center;\"><\/h2>\n<p>&nbsp;<\/p>\n<h2 class=\"p1\" style=\"text-align: center;\"><span style=\"color: #ffffff;\"><b>Satisfaction clients depuis 2024 :<\/b><b><\/b><\/span><\/h2>\n<p>&nbsp;<\/p>\n<h2 class=\"p1\" style=\"text-align: center;\"><span style=\"color: #ffffff;\"><b>Note de satisfaction globale : 18,50\/20<\/b><\/span><\/h2>\n<h2 class=\"p1\" style=\"text-align: center;\"><span style=\"color: #ffffff;\"><b>1 formateur \u2013 69 personnes form\u00e9es<\/b><\/span><\/h2>\n<p>[\/vc_column_text][vc_empty_space][\/vc_column][\/vc_row][vc_row css_animation=\u00a0\u00bb\u00a0\u00bb row_type=\u00a0\u00bbrow\u00a0\u00bb use_row_as_full_screen_section=\u00a0\u00bbno\u00a0\u00bb type=\u00a0\u00bbgrid\u00a0\u00bb angled_section=\u00a0\u00bbno\u00a0\u00bb text_align=\u00a0\u00bbleft\u00a0\u00bb background_image_as_pattern=\u00a0\u00bbwithout_pattern\u00a0\u00bb z_index=\u00a0\u00bb\u00a0\u00bb][vc_column width=\u00a0\u00bb1\/2&Prime;][vc_empty_space][vc_column_text]<\/p>\n<h2 class=\"p1\"><b>Lafarge Consultant propose des formations professionnelles cibl\u00e9es, concr\u00e8tes et imm\u00e9diatement op\u00e9rationnelles<\/b><span class=\"s1\">,<\/span><\/h2>\n<p class=\"p2\">con\u00e7ues pour r\u00e9pondre aux enjeux des experts de la paie et de la gestion sociale.<\/p>\n<p class=\"p2\">Nos domaines d\u2019intervention :<\/p>\n<p class=\"p2\">\u2022 <a href=\"https:\/\/www.lafargeconsultant.com\/index.php\/actualite-de-la-paie\/\">Actualit\u00e9 de la paie<\/a><\/p>\n<p class=\"p2\"><a href=\"https:\/\/www.lafargeconsultant.com\/index.php\/formation-logiciel-silaexpert\/\">\u2022 Formation au logiciel Silae Expert<\/a><\/p>\n<p class=\"p2\"><a href=\"https:\/\/www.lafargeconsultant.com\/index.php\/formation-logiciel-open-paye\/\">\u2022 Formation au logiciel Open Paye<\/a><\/p>\n<p class=\"p2\">L\u2019efficacit\u00e9 de notre approche p\u00e9dagogique repose sur une \u00e9valuation rigoureuse et continue des comp\u00e9tences, garantissant des acquis durables et directement mobilisables.<\/p>\n<p>[\/vc_column_text][\/vc_column][vc_column width=\u00a0\u00bb1\/2&Prime;][vc_empty_space][vc_single_image image=\u00a0\u00bb560&Prime; img_size=\u00a0\u00bb210&#215;150&Prime; qode_css_animation=\u00a0\u00bb\u00a0\u00bb][vc_empty_space]<a  itemprop=\"url\" href=\"http:\/\/www.lafargeconsultant.com\/wp-content\/uploads\/2026\/04\/948709-56294-Certificat-Qualiopi-processus-certifie-Cofrac.pdf\" target=\"_blank\"  class=\"qbutton  default\" style=\"\">Voir le certificat<\/a>[vc_empty_space][\/vc_column][\/vc_row]<\/p>\n<\/section>","protected":false},"excerpt":{"rendered":"<p>[vc_row css_animation=\u00a0\u00bb\u00a0\u00bb row_type=\u00a0\u00bbrow\u00a0\u00bb use_row_as_full_screen_section=\u00a0\u00bbno\u00a0\u00bb type=\u00a0\u00bbgrid\u00a0\u00bb angled_section=\u00a0\u00bbno\u00a0\u00bb text_align=\u00a0\u00bbleft\u00a0\u00bb background_image_as_pattern=\u00a0\u00bbwithout_pattern\u00a0\u00bb z_index=\u00a0\u00bb\u00a0\u00bb][vc_column width=\u00a0\u00bb1\/3&Prime;][vc_hoverbox image=\u00a0\u00bb258&Prime; primary_title=\u00a0\u00bbACTUALITE DE LA PAIE\u00a0\u00bb primary_title_font_container=\u00a0\u00bbcolor:%23ffffff\u00a0\u00bb hover_title=\u00a0\u00bbACTUALITE DE LA PAIE\u00a0\u00bb hover_title_font_container=\u00a0\u00bbcolor:%23ffffff\u00a0\u00bb primary_title_link=\u00a0\u00bburl:https%3A%2F%2Fwww.lafargeconsultant.com%2Findex.php%2Factualite-de-la-paie%2F|title:ACTUALITE%20DE%20LA%20PAIE\u00a0\u00bb hover_title_link=\u00a0\u00bburl:https%3A%2F%2Fwww.lafargeconsultant.com%2Findex.php%2Factualite-de-la-paie%2F|title:ACTUALITE%20DE%20LA%20PAIE\u00a0\u00bb] OBJECTIF DE LA FORMATION ET COMP\u00c9TENCES VIS\u00c9ES &nbsp; Actualiser trimestriellement ses connaissances en la mati\u00e8re avec un consultant paie Suivre r\u00e9guli\u00e8rement l\u2019\u00e9volution&#8230;<\/p>\n","protected":false},"author":1,"featured_media":0,"parent":0,"menu_order":0,"comment_status":"closed","ping_status":"closed","template":"full_width.php","meta":{"_mi_skip_tracking":false},"_links":{"self":[{"href":"http:\/\/www.lafargeconsultant.com\/index.php\/wp-json\/wp\/v2\/pages\/559"}],"collection":[{"href":"http:\/\/www.lafargeconsultant.com\/index.php\/wp-json\/wp\/v2\/pages"}],"about":[{"href":"http:\/\/www.lafargeconsultant.com\/index.php\/wp-json\/wp\/v2\/types\/page"}],"author":[{"embeddable":true,"href":"http:\/\/www.lafargeconsultant.com\/index.php\/wp-json\/wp\/v2\/users\/1"}],"replies":[{"embeddable":true,"href":"http:\/\/www.lafargeconsultant.com\/index.php\/wp-json\/wp\/v2\/comments?post=559"}],"version-history":[{"count":28,"href":"http:\/\/www.lafargeconsultant.com\/index.php\/wp-json\/wp\/v2\/pages\/559\/revisions"}],"predecessor-version":[{"id":613,"href":"http:\/\/www.lafargeconsultant.com\/index.php\/wp-json\/wp\/v2\/pages\/559\/revisions\/613"}],"wp:attachment":[{"href":"http:\/\/www.lafargeconsultant.com\/index.php\/wp-json\/wp\/v2\/media?parent=559"}],"curies":[{"name":"wp","href":"https:\/\/api.w.org\/{rel}","templated":true}]}}